 - 152 - 37 = 0. Let x be (-2 - (-170)/50)*(4 + 1). What is the highest common factor of x and k?
7
Let b be 9 + 1 + 0 - 2. Let r(p) = p**2 - 8*p + 23. Let k be r(5). What is the highest common divisor of b and k?
8
Suppose -5*h + 10*h - 1857 = -4*f, 0 = -2*f + 3*h + 945. Let o be (2 - 3) + f/3. Suppose -4*m + 507 = o. Calculate the highest common factor of m and 11.
11
Let s be 1*(7 + (-16)/4). Let k = 33 - 11. Suppose -5*a - 18 = -0*u + u, 0 = -u + s*a + k. What is the greatest common factor of u and 56?
7
Let v(q) = 7*q - 23. Suppose 5*z + 15 = 0, -3*u - 2*z + 1 = -14. Let a be v(u). What is the highest common factor of 52 and a?
26
Suppose -26*g + 10 = -25*g. Let n(a) = -a**3 + 12*a**2 - 10*a - 4. Let d be n(g). Calculate the greatest common divisor of d and 12.
12
Let m = 268 - 151. What is the highest common factor of m and 39?
39
Let m(u) be the first derivative of -15*u**4/4 + 2*u**3/3 + 5*u**2/2 - u + 23. Let s be m(-3). What is the highest common divisor of 37 and s?
37
Let d(n) = n**2 + 10*n + 4. Let m = 26 + -36. Let c be d(m). Let h = c - -3. Calculate the highest common divisor of 7 and h.
7
Let j(m) be the second derivative of -m**2 + 0 - 1/12*m**4 + 6*m - 13/6*m**3. Let i be j(-6). What is the highest common divisor of 5 and i?
5
Let i be 42 - 4*(-3)/(-6). Suppose -63*m + 68*m = 50. What is the highest common divisor of i and m?
10
Suppose 12*d - 616 = 7*d + 4*a, 4*d = -3*a + 499. Calculate the greatest common divisor of d and 1302.
62
Suppose -3*l + 19 = -47. What is the greatest common factor of l and 33?
11
Suppose -3*c + 7*c - 236 = 0. Suppose 11 = -3*j + c. What is the greatest common factor of j and 48?
16
Let b = -29 + 40. Let x be ((-12)/6)/(4/(-110)). Calculate the greatest common factor of b and x.
11
Let c be (-42 - -8)*(2 - 9). What is the greatest common divisor of c and 68?
34
Let m = 39 - 42. Let j be (m - (-15 - -4)) + 3. Calculate the highest common divisor of 77 and j.
11
Suppose 4*n = -2*t + 166, 2*n - 3*t + 67 = 170. What is the highest common factor of n and 44?
44
Let z be -12 - ((1 - -3) + -1). Let m(r) = r**2 + 16*r + 15. Let w be m(z). Suppose 3*v + 8 - 17 = w. What is the greatest common factor of 15 and v?
3
Let l = 74 - 110. Let p = l - -41. Suppose -5*q = -2*z + 65, -3*z - q = -88 - 35. What is the greatest common divisor of p and z?
5
Let g(n) = 11*n - 151. Let q be g(14). Calculate the greatest common divisor of q and 237.
3
Let v = -2 + 4. Suppose -v*b + 30 = 2*q, q - 3*b - 5 + 2 = 0. What is the highest common factor of q and 8?
4
Suppose 2*z - 54 = -4*t, -2*z + 13 + 44 = 5*t. Let g(s) = -s**3 + 5*s**2 + 9*s - 9. Let h be g(6). Calculate the highest common factor of z and h.
3
Let z(f) = -179*f + 197. Let r be z(1). What is the greatest common factor of r and 144?
18
Suppose 11*p = -11*p + 418. What is the highest common divisor of 133 and p?
19
Suppose -275 = 4*n + 197. Let x = n - -190. What is the greatest common factor of 96 and x?
24
Let f(d) = d + 15. Let o be -1*21*(-2)/18*3. Let c be f(o). What is the highest common factor of c and 2?
2
Let i be 3*-9*(-6 + 3). Calculate the highest common divisor of i and 3.
3
Let a = -71 - -17. Let t be (1/(-1))/(6/a). Suppose 5 = z + 3*z + w, -3*z + w + t = 0. Calculate the greatest common factor of 10 and z.
2
Let b be ((-2)/6)/(44/(-7392)). Calculate the highest common divisor of b and 98.
14
Let q(g) = 2*g**2 - 18*g + 2. Let a be q(9). Suppose -20 = -3*t - a*t. Calculate the highest common factor of t and 20.
4
Let p = 115 - -11. Calculate the highest common factor of 28 and p.
14
Suppose -2*f + 3*m + 534 = 0, -5*f - 7*m + 4*m = -1293. What is the greatest common divisor of f and 58?
29
Let b(f) be the second derivative of -5*f**3/6 - 8*f. Let j be b(-1). Suppose 108 = j*z - 12. Calculate the greatest common divisor of z and 16.
8
Let q(t) = -5*t + 2. Let z(j) = j**3 + 3*j**2 - 6*j - 8. Let m be z(-4). Let o be q(m). What is the greatest common factor of o and 16?
2
Let r = 9 - -11. Let i = -23 + r. Let t(d) = 11*d**2 - d - 2. Let m be t(i). Calculate the greatest common factor of 20 and m.
20
Suppose -99*w + 105*w = 84. What is the highest common factor of w and 42?
14
Let f = -12 + 21. Let q = 5 - f. Let v be q/4 + 1 + 45. What is the highest common divisor of v and 30?
15
Suppose 7*h - 35283 = -12183. Calculate the greatest common divisor of h and 44.
44
Let d be (8/44)/(10/220). Let o(c) = 3*c**2 - 2*c + 2. Let q be o(2). What is the greatest common factor of d and q?
2
Suppose 3*b - 477 = -2*q, 9*q = 8*q + 3*b + 252. What is the greatest common divisor of 9 and q?
9
Suppose -26*d + 4460 + 3834 = 0. What is the greatest common divisor of 44 and d?
11
Let k = -109 + 114. Let r(i) be the first derivative of -i**2/2 + 7*i - 2. Let j be r(6). Calculate the highest common factor of j and k.
1
Let t be (-10 - 10)/(6/(-3)). What is the highest common factor of t and 410?
10
Let s(a) be the first derivative of 7*a**3/3 - 7*a**2/2 - 2*a + 7. Let g be s(5). What is the greatest common divisor of 23 and g?
23
Suppose 5*f = -x + 374, -4*f - 5*x - 54 = -5*f. Let j be (-2)/(-3) + 993/9. Calculate the highest common divisor of f and j.
37
Let l = 1247 + -636. Suppose -l = 10*n - 3411. What is the greatest common divisor of 35 and n?
35
Suppose 5*r + 14*p = 13*p + 146, 2*p = -8. Calculate the greatest common divisor of r and 12.
6
Suppose -67*r + 731 = -66*r. What is the highest common factor of r and 17?
17
Let c be 15 + -11 - (1 - -1). Let d = 1 - -4. What is the greatest common factor of c and d?
1
Suppose -4*p = -o + 8, -5*o + 3*p + 37 = -71. Let x = o - 21. What is the greatest common divisor of x and 33?
3
Suppose 3*h - 3*c + 4030 = 11545, 4*h = 5*c + 10015. What is the greatest common divisor of h and 10?
10
Let w = -73 + 72. Let j = 15 - w. Calculate the greatest common factor of 32 and j.
16
Let a be 29/(3/(1 - -2)). Suppose 17 = -v + a. Calculate the greatest common factor of v and 84.
12
Suppose 0 = 8*f + 328 - 976. Calculate the greatest common divisor of 27 and f.
27
Let r be 6/(-27)*(3*-6)/2. Suppose -p + 3 = p + 5*f, p - 3 = -r*f. Calculate the highest common factor of p and 3.
3
Let l = -11 + 20. Let z be 1 + l/(-7) - (-195)/21. Calculate the highest common factor of 153 and z.
9
Let f = -31 + 30. Let z be f - 3 - -1*20. Calculate the greatest common divisor of z and 4.
4
Let o = -37 + 23. Let s be (-12)/o*(12 - -2). Calculate the highest common factor of s and 108.
12
Let g be ((-30)/(-40))/(1/12). Suppose -24 = -5*o - g. Suppose -2 = -o*i + 2*i. Calculate the greatest common divisor of i and 3.
1
Let i be 638/(-3)*(-8)/(96/18). Suppose 4*z - 27 - 257 = 4*r, 4*z + 3*r = i. What is the greatest common divisor of z and 19?
19
Let a(d) = d**2 + 21*d - 280. Let l be a(-49). Calculate the highest common factor of l and 12.
12
Suppose -8*b + 400 = -3*b. What is the highest common factor of b and 32?
16
Suppose 2*s - 38 = 2*b, 0*b - b + 5 = 5*s. Let n = -15 - b. Suppose 4*x - 42 - 42 = n. What is the highest common divisor of x and 168?
21
Suppose 3*p - 170 = -f + 114, -2*f + 280 = 3*p. What is the highest common factor of 4 and p?
4
Let m be -1*12*(-1 + (-13)/(-3)). Let y be m/(-50) + (-41)/(-5). Calculate the highest common factor of y and 63.
9
Let o be (14 - 2)*(-20)/6. Let i = -21 - o. Suppose -h = i - 64. What is the highest common divisor of 18 and h?
9
Let m = -3 - -38. What is the greatest common factor of 30 and m?
5
Let h(t) = t**2 + 23*t + 110. Let r be h(-17). What is the highest common divisor of 46 and r?
2
Let k be -3 + 8 - 0 - 1. Suppose 3*o + 94 = -2*b + 356, k*o = 3*b + 321. Let c = -2 + 14. What is the greatest common factor of o and c?
12
Suppose -25 + 5 = 5*q. Let y be (q - (-3 - 2))*104. Calculate the greatest common divisor of y and 8.
8
Suppose 3*i = 5*i + 2*p - 846, 25 = -5*p. Let v = i - 153. Calculate the highest common factor of v and 25.
25
Suppose 42*r - 27 = 33*r. Calculate the highest common factor of 48 and r.
3
Suppose 4*u - a = 91 + 276, 2*u + 5*a - 189 = 0. Calculate the greatest common factor of u and 23.
23
Suppose -12*v = 29*v - 902. What is the greatest common divisor of v and 88?
22
Suppose 11*j - 4*j = 175. Suppose f - 3*p - 23 = -p, 3*f + p = 48. Suppose -5*y + 2*y - 6 = 0, f = 5*o + 4*y. What is the hi